**2 - 2. Let a be (9/2)/((-5)/(-10)). What is the remainder when 156 is divided by k(a)?
77
Let s = 1934 - 1924. What is the remainder when 1717 is divided by s?
7
Suppose -44*d = -105*d + 7381. Calculate the remainder when 2902 is divided by d.
119
Let r be -2*(-2)/((-16)/(-20)). Suppose -8*u + r*u + 471 = 0. Let v = 1137 + -1105. Calculate the remainder when u is divided by v.
29
Let n = -154 + 806. Suppose 4*b - 92 = n. Calculate the remainder when b is divided by 21.
18
Let j = 4401 + -4237. Calculate the remainder when 3107 is divided by j.
155
Suppose -u + 21 = -3*h, 0 = u - 100*h + 99*h - 29. Calculate the remainder when 150 is divided by u.
18
Suppose -3*u + 515 = 482. Suppose -191 = -u*s + 62. What is the remainder when 45 is divided by s?
22
Let i(f) be the first derivative of 5*f**4/4 - 2*f**2 - f + 36. Let d be (5 - 1)*(1 + -2 - -2). What is the remainder when i(d) is divided by 61?
59
Let y = 3991 + -3884. Calculate the remainder when 275 is divided by y.
61
Let k = -414 + 757. Suppose -5*g - 128 = -k. Suppose -d = 5*a - 630, 371 = 2*a + a + 2*d. Calculate the remainder when a is divided by g.
41
Let f = 477 + -367. What is the remainder when f is divided by 2?
0
Let s(b) = 9*b**3 + b**2 - 22*b - 19. Let w(a) = 4*a**3 - 11*a - 9. Let y(o) = 3*s(o) - 7*w(o). Calculate the remainder when 163 is divided by y(5).
9
What is the remainder when (-90)/(2 - 190/80) is divided by 76?
12
Let k = -43 - -45. Calculate the remainder when 40 is divided by (4 - (-44)/k) + 15/5.
11
Let t(q) = q**3 - 30*q**2 - 29*q - 44. Calculate the remainder when 115 is divided by t(31).
7
Suppose u - 3*g = -231 + 340, g - 384 = -4*u. What is the remainder when 3780 is divided by u?
94
Let f be -3*(1/(-2))/(3/1714). Suppose -4*g - 3*t = -f, 5*g + t + 3*t = 1071. Calculate the remainder when g is divided by 27.
26
Suppose -3*q + 240 = 3*p, 5*p - 246 = -q - 2*q. Suppose -2*f + 4 = -22. Let z(m) = 2*m - 16. Calculate the remainder when q is divided by z(f).
7
Suppose 0 = 2*u + 5*x - 390 - 226, -3*u + 924 = -x. Suppose 3*j - b = 3*b - 231, -b = 4*j + u. Let v = 91 + j. What is the remainder when v is divided by 9?
5
Suppose 101 = -4*b - 0*b - 3*r, 3*b + 60 = 3*r. Let h = 113 + -101. What is the remainder when 1/3*-3*b is divided by h?
11
Let i(v) = -4*v + 16. Let a(u) = 5*u - 16. Let t(y) = 3*a(y) + 4*i(y). Let d be t(16). What is the remainder when d + 154/4 - (-7)/14 is divided by 7?
4
Suppose 6*f = 2*f - x - 192, 0 = -5*f - 4*x - 251. Let b = 183 + f. Suppose p + 3*p = b. What is the remainder when 64 is divided by p?
30
Let h = 8 - 2. Let a(q) = -q**2 - 148*q - 3138. What is the remainder when a(-26) is divided by h?
4
Let n(h) = 25*h - 167. Let w be n(11). Suppose 249 = w*l - 107*l. Calculate the remainder when l is divided by 7.
4
Let i = -218 - -213. What is the remainder when (-1426)/(-22) + (i - (-171)/33) is divided by 34?
31
Let d(x) = -3*x + 84. Let i be d(28). Suppose 4*k + 3*j - 48 - 116 = i, 4*k + 4*j = 164. Calculate the remainder when k is divided by 21.
20
Let b be (-5 - 0) + 0 + (2 - 0). Let o be (b/12)/(0 - 1/8). Suppose o*h - 14 - 2 = 0. Calculate the remainder when 23 is divided by h.
7
Let v be ((-4)/(-6))/(26/12 - 2). Suppose 2*d + 0 = -v. Calculate the remainder when 3/(((-30)/(-1075))/(d/(-5))) is divided by 17.
9
Let u(t) = t**3 - t**2 + 10*t - 24. Let z be u(2). Suppose -o + 244 - 60 = z. Calculate the remainder when o is divided by 47.
43
Suppose -288*y + 53*y = -23500. Let n = 369 - 172. Calculate the remainder when n is divided by y.
97
Let o be -6 + -2*(-2)/4. Let q(l) = l**2 + 5*l + 5. Let x be q(o). Suppose 1 = 2*p - 5*n + 4, x*p - 35 = 4*n. What is the remainder when 76 is divided by p?
10
Let t(h) = 1. Let g be 6/(-4) + 17/34. Let y(r) = -r - 12. Let c(j) = g*y(j) - t(j). Calculate the remainder when 3 is divided by c(-8).
0
Let c(v) = 4*v + 42. Let l be c(-10). Suppose -l*u = -5*z - 15, 2*u = -2*u - 3*z - 9. Suppose -x - 3*x + 44 = u. What is the remainder when 18 is divided by x?
7
Suppose z - 48*f - 17 = -49*f, 3*f + 51 = 3*z. What is the remainder when 135 is divided by z?
16
Let u(m) = -5*m**2 + 139*m + 11. What is the remainder when u(25) is divided by 14?
11
Let q(z) = 60*z - 167. Let j be q(-7). Let x = j - -864. What is the remainder when x is divided by 10?
7
Let g be 47/9 - 16/72. Suppose 0 = r - 5*i + 4 + 3, g*i - 85 = -5*r. What is the remainder when r is divided by (-8 + 13)*(2 - (-1)/(-1))?
3
Let m be 2*-5*(-4)/40*13. What is the remainder when 17 is divided by 117/m*(-1 - (-21)/9)?
5
Suppose -5867 = -184*j + 3517. Calculate the remainder when 190 is divided by j.
37
Suppose -82*c + 16*c = -27*c - 1092. What is the remainder when 1564 is divided by c?
24
What is the remainder when 900 is divided by ((-26)/(676/13))/((-2)/364)?
81
Let x(n) = -n - 14. Let h be x(-10). Let k be (-110)/h*16/10. Suppose 0 = 8*v - 68 - k. What is the remainder when 21 is divided by v?
7
Let r(f) = -f**3 + 16*f**2 - 18*f + 309. Calculate the remainder when 194 is divided by r(16).
5
Let h be (-3561)/(-2) + 19/(-38). Calculate the remainder when h/80 - (-2)/(-8) is divided by 9.
4
What is the remainder when 176 is divided by (-4)/(-5) - (46944/(-45))/16?
44
Let w(s) = -s**3 + 13*s**2 - 16*s - 2. Let j be w(10). What is the remainder when (-46 + 0)*(-6)/(72/j) is divided by 14?
11
Let l(u) = -6*u + 36. Let z be l(-16). Suppose 5*j = -2*x + z, -2*j - 4*x = 3*j - 124. What is the remainder when j is divided by 8?
4
Suppose 4*z - 5180 = -2*o, 3883 = 3*z - 75*o + 76*o. Calculate the remainder when z is divided by 81.
78
Let j be -2 - 166*5/(-10). Suppose -y + 125 = 4*l - j, l - 44 = -4*y. What is the remainder when l is divided by 14?
10
Suppose -3*a + 22 = j, 0*j + 4*j - 2*a - 60 = 0. Let i be 1*4*(1260/j + 0). Suppose -i = -0*l - 5*l. Calculate the remainder when l is divided by 13.
11
Suppose 0 = -2*s + 3*q + 1768 + 1890, 12847 = 7*s - 5*q. Calculate the remainder when s is divided by 44.
37
Suppose -11*n + 1544 = -2035 - 810. What is the remainder when n is divided by 148?
103
Let z = 4 - 0. Suppose 4*b + 0*b - 5*q = 11, -z*b + 4*q + 16 = 0. Let x = -111 + 128. Calculate the remainder when x is divided by b.
8
Suppose k - 146 = -h, 28*h = 29*h - 8. Calculate the remainder when 304 is divided by k.
28
Let k(t) = t + 29. Let u be 8/(-72) + 737/(-9). Let w be (-2)/(-8) - (-8)/64*u. What is the remainder when 75 is divided by k(w)?
18
Suppose 3*m = 3*k - 2478, -1492 + 667 = -k + 2*m. Calculate the remainder when k is divided by 169.
151
Suppose 3*k - 672 = -2*y, 4*y - 1256 = 493*k - 488*k. What is the remainder when y is divided by 87?
63
Let y = -2664 + 3014. Calculate the remainder when y is divided by 42.
14
Suppose 4*c - 4*o - 16 - 12 = 0, 4*c = 3*o + 24. Calculate the remainder when 1033 is divided by c.
1
Suppose -181 = 4*s - 197. Suppose -2*j - 54 = -4*q, 3*j - 60 = -5*q + s*j. Calculate the remainder when 117 is divided by q.
7
Suppose -5*u + 406 + 94 = 3*k, 400 = 4*u - k. What is the remainder when 378 is divided by u?
78
Let o = -2535 - -2990. Calculate the remainder when o is divided by 141.
32
Let z = 248 + -412. Let w = -144 - z. What is the remainder when 74 is divided by w?
14
Let u(c) = 665*c + 164313. Suppose 3*w - 2*w = 17. What is the remainder when u(-247) is divided by w?
7
Let n = 418 + -407. Suppose -d - n*t + 24 = -16*t, 0 = -5*d + t + 192. Calculate the remainder when 76 is divided by d.
37
Suppose 10*k + 2618 = 178. Let q = -181 - k. What is the remainder when q is divided by 13?
11
Let i = -6549 + 8017. What is the remainder when i is divided by 248?
228
Let p be (11/(-6) - (-8)/6)*-10. Suppose 0*r = p*r - 15. What is the remainder when 62 is divided by 5*3 + ((-36)/r)/(-4)?
8
Let d = -110 + 174. Suppose -5*q + 0*c - c + 89 = 0, -c = 4*q - 72. What is the remainder when d is divided by q?
13
Let h(s) = -1. Let f(u) = u**3 + 5*u**2 - 9*u + 2. Let q(c) = f(c) + 6*h(c). Let i be q(-6). What is the remainder when 71 is divided by (-6)/(-21) + 248/i?
17
Let s = 2245 + -2164. Calculate the remainder when 249 is divided by s.
6
Let h = 15808 - 10831. Suppose 24*z + h = 31*z. What is the remainder when z is divided by 34?
31
Suppose 3*c + 256*s - 10 = 258*s, -3*s = 3*c - 15. Calculate the remainder when (5/(-5))/(1/(-31))